{"id":935,"date":"2023-02-07T01:59:40","date_gmt":"2023-02-07T01:59:40","guid":{"rendered":"https:\/\/voysegurostore.cl\/inicio\/?post_type=product&#038;p=935"},"modified":"2023-02-07T02:25:44","modified_gmt":"2023-02-07T02:25:44","slug":"guantes-supervisor-natural","status":"publish","type":"product","link":"https:\/\/voysegurostore.cl\/inicio\/product\/guantes-supervisor-natural\/","title":{"rendered":"GUANTES SUPERVISOR NATURAL"},"content":{"rendered":"<div class=\"page\" title=\"Page 1\">\n<div class=\"section\">\n<div class=\"layoutArea\">\n<div class=\"column\">\n<p>INFORMACI\u00d3N<\/p>\n<p><img loading=\"lazy\" decoding=\"async\" class=\"alignnone size-medium wp-image-936\" src=\"https:\/\/voysegurostore.cl\/inicio\/wp-content\/uploads\/2023\/02\/GUANTE-SUPERVISOR-AMARILLO-FORRADO-496x400.png\" alt=\"\" width=\"496\" height=\"400\" srcset=\"https:\/\/voysegurostore.cl\/inicio\/wp-content\/uploads\/2023\/02\/GUANTE-SUPERVISOR-AMARILLO-FORRADO-496x400.png 496w, https:\/\/voysegurostore.cl\/inicio\/wp-content\/uploads\/2023\/02\/GUANTE-SUPERVISOR-AMARILLO-FORRADO-768x619.png 768w, https:\/\/voysegurostore.cl\/inicio\/wp-content\/uploads\/2023\/02\/GUANTE-SUPERVISOR-AMARILLO-FORRADO-600x484.png 600w, https:\/\/voysegurostore.cl\/inicio\/wp-content\/uploads\/2023\/02\/GUANTE-SUPERVISOR-AMARILLO-FORRADO.png 939w\" sizes=\"auto, (max-width: 496px) 100vw, 496px\" \/>C\u00d3DIGOS 300850680015<\/p>\n<p>GUANTE SUPERVISOR AMARILLO FORRADO<\/p>\n<p>\u2022 Fabricado completamente en cuero natural tipo cabritilla color amarillo \u00e1mbar.<br \/>\n\u2022 Curtido especial.<br \/>\n\u2022 Pu\u00f1o elasticado.<br \/>\n\u2022 Forrado en tela de algod\u00f3n 100%.<br \/>\n\u2022 Modelo supervisor.<br \/>\n\u2022 Recomendado para uso en labores con bajo nivel de riesgo de abrasi\u00f3n y cortes. Altamente c\u00f3modo para la manipulaci\u00f3n en general. Brinda buena protecci\u00f3n contra las bajas temperaturas.<\/p>\n<\/div>\n<\/div>\n<\/div>\n<\/div>\n<hr \/>\n<p><img loading=\"lazy\" decoding=\"async\" class=\"alignnone size-medium wp-image-937\" src=\"https:\/\/voysegurostore.cl\/inicio\/wp-content\/uploads\/2023\/02\/GUANTE-SUPERVISOR-AMARILLO-SIN-FORRO-496x400.png\" alt=\"\" width=\"496\" height=\"400\" srcset=\"https:\/\/voysegurostore.cl\/inicio\/wp-content\/uploads\/2023\/02\/GUANTE-SUPERVISOR-AMARILLO-SIN-FORRO-496x400.png 496w, https:\/\/voysegurostore.cl\/inicio\/wp-content\/uploads\/2023\/02\/GUANTE-SUPERVISOR-AMARILLO-SIN-FORRO-768x619.png 768w, https:\/\/voysegurostore.cl\/inicio\/wp-content\/uploads\/2023\/02\/GUANTE-SUPERVISOR-AMARILLO-SIN-FORRO-600x484.png 600w, https:\/\/voysegurostore.cl\/inicio\/wp-content\/uploads\/2023\/02\/GUANTE-SUPERVISOR-AMARILLO-SIN-FORRO.png 939w\" sizes=\"auto, (max-width: 496px) 100vw, 496px\" \/>C\u00d3DIGOS 300850680016<\/p>\n<p>GUANTE SUPERVISOR AMARILLO FORRADO<\/p>\n<p>\u2022 Fabricado completamente en cuero natural tipo cabritilla color amarillo \u00e1mbar.<br \/>\n\u2022 Curtido especial.<br \/>\n\u2022 Pu\u00f1o elasticado.<br \/>\n\u2022 Sin forro.<br \/>\n\u2022 Recomendado para uso en labores con bajo nivel de riesgo de abrasi\u00f3n y cortes. Altamente c\u00f3modo para la manipulaci\u00f3n en general.<\/p>\n<p>&nbsp;<\/p>\n<div class=\"page\" title=\"Page 1\">\n<div class=\"section\">\n<div class=\"layoutArea\">\n<hr \/>\n<\/div>\n<p>&nbsp;<\/p>\n<\/div>\n<\/div>\n<p><img loading=\"lazy\" decoding=\"async\" class=\"alignnone size-medium wp-image-940\" src=\"https:\/\/voysegurostore.cl\/inicio\/wp-content\/uploads\/2023\/02\/GUANTE-SUPERVISOR-DESCARNE-496x400.png\" alt=\"\" width=\"496\" height=\"400\" srcset=\"https:\/\/voysegurostore.cl\/inicio\/wp-content\/uploads\/2023\/02\/GUANTE-SUPERVISOR-DESCARNE-496x400.png 496w, https:\/\/voysegurostore.cl\/inicio\/wp-content\/uploads\/2023\/02\/GUANTE-SUPERVISOR-DESCARNE-768x619.png 768w, https:\/\/voysegurostore.cl\/inicio\/wp-content\/uploads\/2023\/02\/GUANTE-SUPERVISOR-DESCARNE-600x484.png 600w, https:\/\/voysegurostore.cl\/inicio\/wp-content\/uploads\/2023\/02\/GUANTE-SUPERVISOR-DESCARNE.png 939w\" sizes=\"auto, (max-width: 496px) 100vw, 496px\" \/>C\u00d3DIGO 300859080004<\/p>\n<p>GUANTE SUPERVISOR DESCARNE<\/p>\n<p>\u2022 Guante corto modelo supervisor descarne.<br \/>\n\u2022 Pu\u00f1o elasticado con forro de algod\u00f3n.<br \/>\n\u2022 Recomendado para uso en labores con bajo nivel de riesgo de abrasi\u00f3n y cortes. Altamente c\u00f3modo para la manipulaci\u00f3n en general.<\/p>\n<hr \/>\n<p><img loading=\"lazy\" decoding=\"async\" class=\"alignnone size-medium wp-image-938\" src=\"https:\/\/voysegurostore.cl\/inicio\/wp-content\/uploads\/2023\/02\/GUANTE-SUPERVISOR-NATURAL-SIN-FORRO-496x400.png\" alt=\"\" width=\"496\" height=\"400\" srcset=\"https:\/\/voysegurostore.cl\/inicio\/wp-content\/uploads\/2023\/02\/GUANTE-SUPERVISOR-NATURAL-SIN-FORRO-496x400.png 496w, https:\/\/voysegurostore.cl\/inicio\/wp-content\/uploads\/2023\/02\/GUANTE-SUPERVISOR-NATURAL-SIN-FORRO-768x619.png 768w, https:\/\/voysegurostore.cl\/inicio\/wp-content\/uploads\/2023\/02\/GUANTE-SUPERVISOR-NATURAL-SIN-FORRO-600x484.png 600w, https:\/\/voysegurostore.cl\/inicio\/wp-content\/uploads\/2023\/02\/GUANTE-SUPERVISOR-NATURAL-SIN-FORRO.png 939w\" sizes=\"auto, (max-width: 496px) 100vw, 496px\" \/>C\u00d3DIGOS 300850680019<\/p>\n<p>GUANTE SUPERVISOR NATURAL SIN FORRO<\/p>\n<p>\u2022 Fabricado completamente en cuero natural tipo cabritilla curtido especial.<br \/>\n\u2022 Pu\u00f1o elasticado.<br \/>\n\u2022 Modelo supervisor.<br \/>\n\u2022 Recomendado para uso en labores con bajo nivel de riesgo de abrasi\u00f3n y cortes. Altamente c\u00f3modo para la manipulaci\u00f3n en general.<\/p>\n<p>&nbsp;<\/p>\n<hr \/>\n<p><img loading=\"lazy\" decoding=\"async\" class=\"alignnone size-medium wp-image-941\" src=\"https:\/\/voysegurostore.cl\/inicio\/wp-content\/uploads\/2023\/02\/GUANTE-SUPERVISOR-COMBINADO-CON-FORRO-496x400.png\" alt=\"\" width=\"496\" height=\"400\" srcset=\"https:\/\/voysegurostore.cl\/inicio\/wp-content\/uploads\/2023\/02\/GUANTE-SUPERVISOR-COMBINADO-CON-FORRO-496x400.png 496w, https:\/\/voysegurostore.cl\/inicio\/wp-content\/uploads\/2023\/02\/GUANTE-SUPERVISOR-COMBINADO-CON-FORRO-768x619.png 768w, https:\/\/voysegurostore.cl\/inicio\/wp-content\/uploads\/2023\/02\/GUANTE-SUPERVISOR-COMBINADO-CON-FORRO-600x484.png 600w, https:\/\/voysegurostore.cl\/inicio\/wp-content\/uploads\/2023\/02\/GUANTE-SUPERVISOR-COMBINADO-CON-FORRO.png 939w\" sizes=\"auto, (max-width: 496px) 100vw, 496px\" \/>C\u00d3DIGOS 300850670014<\/p>\n<p>GUANTE SUPERVISOR COMBINADO CON FORRO<\/p>\n<p>\u2022 Cabritilla en palma, descarne en el dorso.<br \/>\n\u2022 Forro interior, pu\u00f1o elasticado de tela de algod\u00f3n.<br \/>\n\u2022 Recomendado para uso en labores con bajo nivel de riesgo de abrasi\u00f3n y cortes. Altamente c\u00f3modo para la manipulaci\u00f3n en general.<\/p>\n<p>&nbsp;<\/p>\n<hr \/>\n<p><img loading=\"lazy\" decoding=\"async\" class=\"alignnone size-medium wp-image-942\" src=\"https:\/\/voysegurostore.cl\/inicio\/wp-content\/uploads\/2023\/02\/GUANTE-SUPERVISOR-BLANCO-FORRADO-496x400.png\" alt=\"\" width=\"496\" height=\"400\" srcset=\"https:\/\/voysegurostore.cl\/inicio\/wp-content\/uploads\/2023\/02\/GUANTE-SUPERVISOR-BLANCO-FORRADO-496x400.png 496w, https:\/\/voysegurostore.cl\/inicio\/wp-content\/uploads\/2023\/02\/GUANTE-SUPERVISOR-BLANCO-FORRADO-768x619.png 768w, https:\/\/voysegurostore.cl\/inicio\/wp-content\/uploads\/2023\/02\/GUANTE-SUPERVISOR-BLANCO-FORRADO-600x484.png 600w, https:\/\/voysegurostore.cl\/inicio\/wp-content\/uploads\/2023\/02\/GUANTE-SUPERVISOR-BLANCO-FORRADO.png 939w\" sizes=\"auto, (max-width: 496px) 100vw, 496px\" \/>C\u00d3DIGOS 300850680020<\/p>\n<p>GUANTE SUPERVISOR BLANCO FORRADO<\/p>\n<p>\u2022 Fabricado completamente en cuero natural tipo cabritilla curtido especial.<br \/>\n\u2022 Pu\u00f1o elasticado.<br \/>\n\u2022 Forrado en tela de algod\u00f3n 100%.<br \/>\n\u2022 Recomendado para uso en labores con bajo nivel de riesgo de abrasi\u00f3n y cortes. Altamente c\u00f3modo para la manipulaci\u00f3n en general. Brinda buena protecci\u00f3n contra las bajas temperaturas.<\/p>\n<p>&nbsp;<\/p>\n","protected":false},"excerpt":{"rendered":"<p>GUANTES SUPERVISOR<\/p>\n<p>&nbsp;<\/p>\n<a rel=\"noopener noreferrer\" href=\"https:\/\/voysegurostore.cl\/inicio\/wp-content\/uploads\/2023\/02\/300850680020-FT-GUANTE-SUPERVISOR-NATURAL.pdf\" target=\"_blank\" class=\"button primary is-primary is-small\"  >\n    <span>Descargar Ficha T\u00e9cnica<\/span>\n  <\/a>\n\n<p>&nbsp;<\/p>\n<p>&nbsp;<\/p>\n<p><img loading=\"lazy\" decoding=\"async\" class=\"wp-image-328 alignleft\" src=\"https:\/\/voysegurostore.cl\/inicio\/wp-content\/uploads\/2022\/10\/logovoysegurologo-394x400.png\" alt=\"\" width=\"232\" height=\"235\" srcset=\"https:\/\/voysegurostore.cl\/inicio\/wp-content\/uploads\/2022\/10\/logovoysegurologo-394x400.png 394w, https:\/\/voysegurostore.cl\/inicio\/wp-content\/uploads\/2022\/10\/logovoysegurologo-600x609.png 600w, https:\/\/voysegurostore.cl\/inicio\/wp-content\/uploads\/2022\/10\/logovoysegurologo-100x100.png 100w, https:\/\/voysegurostore.cl\/inicio\/wp-content\/uploads\/2022\/10\/logovoysegurologo.png 745w\" sizes=\"auto, (max-width: 232px) 100vw, 232px\" \/><\/p>\n<p>&nbsp;<\/p>\n","protected":false},"featured_media":936,"comment_status":"open","ping_status":"closed","template":"","meta":{"_joinchat":[]},"product_cat":[152,78],"product_tag":[154,153,116,72,146],"class_list":["post-935","product","type-product","status-publish","has-post-thumbnail","hentry","product_cat-proteccion-manos","product_cat-epp","product_tag-guantes","product_tag-manos","product_tag-proteccion","product_tag-seguridad","product_tag-soldadura"],"_links":{"self":[{"href":"https:\/\/voysegurostore.cl\/inicio\/wp-json\/wp\/v2\/product\/935","targetHints":{"allow":["GET"]}}],"collection":[{"href":"https:\/\/voysegurostore.cl\/inicio\/wp-json\/wp\/v2\/product"}],"about":[{"href":"https:\/\/voysegurostore.cl\/inicio\/wp-json\/wp\/v2\/types\/product"}],"replies":[{"embeddable":true,"href":"https:\/\/voysegurostore.cl\/inicio\/wp-json\/wp\/v2\/comments?post=935"}],"wp:featuredmedia":[{"embeddable":true,"href":"https:\/\/voysegurostore.cl\/inicio\/wp-json\/wp\/v2\/media\/936"}],"wp:attachment":[{"href":"https:\/\/voysegurostore.cl\/inicio\/wp-json\/wp\/v2\/media?parent=935"}],"wp:term":[{"taxonomy":"product_cat","embeddable":true,"href":"https:\/\/voysegurostore.cl\/inicio\/wp-json\/wp\/v2\/product_cat?post=935"},{"taxonomy":"product_tag","embeddable":true,"href":"https:\/\/voysegurostore.cl\/inicio\/wp-json\/wp\/v2\/product_tag?post=935"}],"curies":[{"name":"wp","href":"https:\/\/api.w.org\/{rel}","templated":true}]}}