{"id":844,"date":"2023-02-05T23:07:07","date_gmt":"2023-02-05T23:07:07","guid":{"rendered":"https:\/\/voysegurostore.cl\/inicio\/?post_type=product&#038;p=844"},"modified":"2023-02-06T00:28:25","modified_gmt":"2023-02-06T00:28:25","slug":"lente-delta-balistico","status":"publish","type":"product","link":"https:\/\/voysegurostore.cl\/inicio\/product\/lente-delta-balistico\/","title":{"rendered":"LENTE DELTA BAL\u00cdSTICO DUAL"},"content":{"rendered":"<p>INFORMACI\u00d3N<\/p>\n<p>Bolsa individual \/ Polybag<br \/>\nUnidad m\u00e1ster: 300<br \/>\nInner: 12<br \/>\nPeso: 0,0409<\/p>\n<p>&nbsp;<\/p>\n<p>CERTIFICACIONES<\/p>\n<ul>\n<li>EN166:2001<\/li>\n<li>CLARO AF: 352500490128<\/li>\n<li>GRIS AF: 352500490129<\/li>\n<li>IN-OUT: 352500490130<\/li>\n<\/ul>\n<p>&nbsp;<\/p>\n<p>DESCRIPCI\u00d3N<\/p>\n<p>Lente de policarbonato con tecnolog\u00eda bal\u00edstica con ventilaci\u00f3n directa y espuma frontal para ajuste perfecto. De cambio f\u00e1cil a antiparra con strap de r\u00e1pida instalaci\u00f3n.<\/p>\n<p>&nbsp;<\/p>\n<p>CARACTER\u00cdSTICAS<\/p>\n<p>Anti empa\u00f1e, anti rayadura, anti impacto, filtro UV 99%, dual. Incluye cord\u00f3n.<\/p>\n<p>&nbsp;<\/p>\n<p>MANTENIMIENTO<\/p>\n<p>Se recomienda limpiar con agua corriente y secar con pa\u00f1o suave. No utilizar l\u00edquidos corrosivos como alcohol, cloro, etc. Procure limpiar sus anteojos despu\u00e9s de cada uso y aseg\u00farese de que todas las partes\u00a0 est\u00e1n libres de suciedad antes de guardarlo.<\/p>\n<p>&nbsp;<\/p>\n<p>GARANT\u00cdA<\/p>\n<p>Ante cualquier defecto de f\u00e1brica, usted puede comunicarse con su distribuidor o escribirnos directamente a contacto@steelprosafety.com. El distribuidor no ser\u00e1 responsable de ninguna lesi\u00f3n o agravio que se\u00a0 derive del uso incorrecto de este producto. Antes de utilizar el producto, aseg\u00farese de que es apropiado para las labores pretendidas.<\/p>\n<p>&nbsp;<\/p>\n<p>USOS<\/p>\n<p>Proporciona una excelente alternativa de protecci\u00f3n visual para faenas de miner\u00eda, construcci\u00f3n, forestales, agricultura, deportes, aserraderos, talleres mec\u00e1nicos, entre otros.<\/p>\n","protected":false},"excerpt":{"rendered":"<p>Lente de policarbonato con tecnolog\u00eda bal\u00edstica con ventilaci\u00f3n directa y espuma frontal para ajuste perfecto. De cambio f\u00e1cil a antiparra con strap de r\u00e1pida instalaci\u00f3n.<\/p>\n<a rel=\"noopener noreferrer\" href=\"https:\/\/voysegurostore.cl\/inicio\/wp-content\/uploads\/2023\/02\/LENTE-DELTA-BALISTICO-DUAL-352500490128-29-30.pdf\" target=\"_blank\" class=\"button primary is-primary is-small\"  >\n    <span>Descargar Ficha T\u00e9cnica<\/span>\n  <\/a>\n\n<p><img loading=\"lazy\" decoding=\"async\" class=\"wp-image-328 alignleft\" src=\"https:\/\/voysegurostore.cl\/inicio\/wp-content\/uploads\/2022\/10\/logovoysegurologo-394x400.png\" alt=\"\" width=\"232\" height=\"235\" srcset=\"https:\/\/voysegurostore.cl\/inicio\/wp-content\/uploads\/2022\/10\/logovoysegurologo-394x400.png 394w, https:\/\/voysegurostore.cl\/inicio\/wp-content\/uploads\/2022\/10\/logovoysegurologo-600x609.png 600w, https:\/\/voysegurostore.cl\/inicio\/wp-content\/uploads\/2022\/10\/logovoysegurologo-100x100.png 100w, https:\/\/voysegurostore.cl\/inicio\/wp-content\/uploads\/2022\/10\/logovoysegurologo.png 745w\" sizes=\"auto, (max-width: 232px) 100vw, 232px\" \/><\/p>\n","protected":false},"featured_media":846,"comment_status":"open","ping_status":"closed","template":"","meta":{"_joinchat":[]},"product_cat":[78,82],"product_tag":[140,139,116,72,115,141],"class_list":["post-844","product","type-product","status-publish","has-post-thumbnail","hentry","product_cat-epp","product_cat-proteccion-visual","product_tag-antiparras","product_tag-lentes","product_tag-proteccion","product_tag-seguridad","product_tag-solar","product_tag-visual"],"_links":{"self":[{"href":"https:\/\/voysegurostore.cl\/inicio\/wp-json\/wp\/v2\/product\/844","targetHints":{"allow":["GET"]}}],"collection":[{"href":"https:\/\/voysegurostore.cl\/inicio\/wp-json\/wp\/v2\/product"}],"about":[{"href":"https:\/\/voysegurostore.cl\/inicio\/wp-json\/wp\/v2\/types\/product"}],"replies":[{"embeddable":true,"href":"https:\/\/voysegurostore.cl\/inicio\/wp-json\/wp\/v2\/comments?post=844"}],"wp:featuredmedia":[{"embeddable":true,"href":"https:\/\/voysegurostore.cl\/inicio\/wp-json\/wp\/v2\/media\/846"}],"wp:attachment":[{"href":"https:\/\/voysegurostore.cl\/inicio\/wp-json\/wp\/v2\/media?parent=844"}],"wp:term":[{"taxonomy":"product_cat","embeddable":true,"href":"https:\/\/voysegurostore.cl\/inicio\/wp-json\/wp\/v2\/product_cat?post=844"},{"taxonomy":"product_tag","embeddable":true,"href":"https:\/\/voysegurostore.cl\/inicio\/wp-json\/wp\/v2\/product_tag?post=844"}],"curies":[{"name":"wp","href":"https:\/\/api.w.org\/{rel}","templated":true}]}}