{"id":397,"date":"2022-10-05T03:27:50","date_gmt":"2022-10-05T03:27:50","guid":{"rendered":"https:\/\/voysegurostore.cl\/inicio\/?post_type=product&#038;p=397"},"modified":"2022-10-05T03:28:56","modified_gmt":"2022-10-05T03:28:56","slug":"respirador-m300v","status":"publish","type":"product","link":"https:\/\/voysegurostore.cl\/inicio\/product\/respirador-m300v\/","title":{"rendered":"Respirador M300V"},"content":{"rendered":"<div class=\"page\" title=\"Page 1\">\n<div class=\"section\">\n<div class=\"layoutArea\">\n<div class=\"column\">\n<p>Respirador de libre mantenimiento, con fibras cargadas electroest\u00e1ticamente para una excelente filtraci\u00f3n y f\u00e1cil respiraci\u00f3n. Con v\u00e1lvula de exhalaci\u00f3n para una r\u00e1pida liberaci\u00f3n de humedad. Contra part\u00edculas s\u00f3lidas y neblinas acuosas. Clasificaci\u00f3n N95. Certificado NIOSH.<\/p>\n<p>&nbsp;<\/p>\n<\/div>\n<\/div>\n<\/div>\n<\/div>\n<ul>\n<li>Bandas el\u00e1sticas de excelente calidad unidas mediante sellado\u00a0electr\u00f3nico, eliminando grapas y permitiendo un ajuste efectivo y\u00a0confortable durante su uso.<\/li>\n<li>Usar contra part\u00edculas tales como aquellas presentes en\u00a0procesamiento de minerales, madera, metal, lijado, molienda,\u00a0aserrado, barrido, polen, etc. L\u00edquidos o part\u00edculas en spray que no\u00a0produzcan aerosoles de aceites o vapores.<\/li>\n<li>Capa exterior e interior lisa que evita fibras sueltas<\/li>\n<li>Compatible para usar con lentes y antiparras.<\/li>\n<li>Nariz con espuma de PVC m\u00e1s larga y delgada para un excelente\u00a0confort.<\/li>\n<li>Aluminio nasal ajustable.<\/li>\n<li>Material de baja resistencia a la inhalaci\u00f3n.<\/li>\n<li>100% libre de l\u00e1tex para evitar cualquier reacci\u00f3n al\u00e9rgica.<\/li>\n<\/ul>\n","protected":false},"excerpt":{"rendered":"<p>Respirador de libre mantenimiento, con fibras cargadas electroest\u00e1ticamente para una excelente filtraci\u00f3n y f\u00e1cil respiraci\u00f3n. Con v\u00e1lvula de exhalaci\u00f3n para una r\u00e1pida liberaci\u00f3n de humedad. Contra part\u00edculas s\u00f3lidas y neblinas acuosas. Clasificaci\u00f3n N95. Certificado NIOSH.<\/p>\n<p>&nbsp;<\/p>\n<p><img loading=\"lazy\" decoding=\"async\" class=\"wp-image-328 aligncenter\" src=\"https:\/\/voysegurostore.cl\/inicio\/wp-content\/uploads\/2022\/10\/logovoysegurologo-394x400.png\" alt=\"\" width=\"232\" height=\"235\" srcset=\"https:\/\/voysegurostore.cl\/inicio\/wp-content\/uploads\/2022\/10\/logovoysegurologo-394x400.png 394w, https:\/\/voysegurostore.cl\/inicio\/wp-content\/uploads\/2022\/10\/logovoysegurologo-600x609.png 600w, https:\/\/voysegurostore.cl\/inicio\/wp-content\/uploads\/2022\/10\/logovoysegurologo-100x100.png 100w, https:\/\/voysegurostore.cl\/inicio\/wp-content\/uploads\/2022\/10\/logovoysegurologo.png 745w\" sizes=\"auto, (max-width: 232px) 100vw, 232px\" \/><\/p>\n<p>&nbsp;<\/p>\n","protected":false},"featured_media":398,"comment_status":"open","ping_status":"closed","template":"","meta":{"_joinchat":[]},"product_cat":[78,84],"product_tag":[81,77,80,74,85,72,73,75,76],"class_list":["post-397","product","type-product","status-publish","has-post-thumbnail","hentry","product_cat-epp","product_cat-proteccion-respiratoria","product_tag-arnes","product_tag-barrera","product_tag-casco","product_tag-conos","product_tag-mascara","product_tag-seguridad","product_tag-senaletica","product_tag-tambor-vial","product_tag-vial"],"_links":{"self":[{"href":"https:\/\/voysegurostore.cl\/inicio\/wp-json\/wp\/v2\/product\/397","targetHints":{"allow":["GET"]}}],"collection":[{"href":"https:\/\/voysegurostore.cl\/inicio\/wp-json\/wp\/v2\/product"}],"about":[{"href":"https:\/\/voysegurostore.cl\/inicio\/wp-json\/wp\/v2\/types\/product"}],"replies":[{"embeddable":true,"href":"https:\/\/voysegurostore.cl\/inicio\/wp-json\/wp\/v2\/comments?post=397"}],"wp:featuredmedia":[{"embeddable":true,"href":"https:\/\/voysegurostore.cl\/inicio\/wp-json\/wp\/v2\/media\/398"}],"wp:attachment":[{"href":"https:\/\/voysegurostore.cl\/inicio\/wp-json\/wp\/v2\/media?parent=397"}],"wp:term":[{"taxonomy":"product_cat","embeddable":true,"href":"https:\/\/voysegurostore.cl\/inicio\/wp-json\/wp\/v2\/product_cat?post=397"},{"taxonomy":"product_tag","embeddable":true,"href":"https:\/\/voysegurostore.cl\/inicio\/wp-json\/wp\/v2\/product_tag?post=397"}],"curies":[{"name":"wp","href":"https:\/\/api.w.org\/{rel}","templated":true}]}}