{"id":395,"date":"2022-10-05T03:26:36","date_gmt":"2022-10-05T03:26:36","guid":{"rendered":"https:\/\/voysegurostore.cl\/inicio\/?post_type=product&#038;p=395"},"modified":"2022-10-05T03:27:36","modified_gmt":"2022-10-05T03:27:36","slug":"respirador-m300","status":"publish","type":"product","link":"https:\/\/voysegurostore.cl\/inicio\/product\/respirador-m300\/","title":{"rendered":"Respirador M300"},"content":{"rendered":"<div class=\"page\" title=\"Page 1\">\n<div class=\"section\">\n<div class=\"layoutArea\">\n<div class=\"column\">\n<p>Respirador de libre mantenimiento, con fibras cargadas electroest\u00e1ticamente para una excelente filtraci\u00f3n y f\u00e1cil respiraci\u00f3n. Contra part\u00edculas s\u00f3lidas y neblinas acuosas. Clasificaci\u00f3n N95. Certificado NIOSH.<\/p>\n<p>&nbsp;<\/p>\n<\/div>\n<\/div>\n<\/div>\n<\/div>\n<ul>\n<li>Su dise\u00f1o junto con el clip de aluminio para el ajuste de nariz permite\u00a0un sello eficaz a un amplio rango de tama\u00f1os de cara.<\/li>\n<li>Sus bandas el\u00e1sticas de excelente calidad y unidas al respirador\u00a0mediante ultrasonido permiten un ajuste efectivo y confortable\u00a0durante su uso.<\/li>\n<li>Se caracteriza por su elemento filtrante de tela no tejida de\u00a0polipropileno y poli\u00e9ster, clip met\u00e1lico de aluminio, bandas el\u00e1sticas de\u00a0fibras termopl\u00e1sticas tejidas, y espuma interna de poliuretano<\/li>\n<li>De color blanco y con un peso aproximado de ocho gramos.<\/li>\n<li>Se distribuye en cajas de 20 unidades.<\/li>\n<\/ul>\n","protected":false},"excerpt":{"rendered":"<p>Respirador de libre mantenimiento, con fibras cargadas electroest\u00e1ticamente para una excelente filtraci\u00f3n y f\u00e1cil respiraci\u00f3n. Contra part\u00edculas s\u00f3lidas y neblinas acuosas. Clasificaci\u00f3n N95. Certificado NIOSH.<\/p>\n<p>&nbsp;<\/p>\n<p><img loading=\"lazy\" decoding=\"async\" class=\"wp-image-328 aligncenter\" src=\"https:\/\/voysegurostore.cl\/inicio\/wp-content\/uploads\/2022\/10\/logovoysegurologo-394x400.png\" alt=\"\" width=\"232\" height=\"235\" srcset=\"https:\/\/voysegurostore.cl\/inicio\/wp-content\/uploads\/2022\/10\/logovoysegurologo-394x400.png 394w, https:\/\/voysegurostore.cl\/inicio\/wp-content\/uploads\/2022\/10\/logovoysegurologo-600x609.png 600w, https:\/\/voysegurostore.cl\/inicio\/wp-content\/uploads\/2022\/10\/logovoysegurologo-100x100.png 100w, https:\/\/voysegurostore.cl\/inicio\/wp-content\/uploads\/2022\/10\/logovoysegurologo.png 745w\" sizes=\"auto, (max-width: 232px) 100vw, 232px\" \/><\/p>\n<p>&nbsp;<\/p>\n","protected":false},"featured_media":396,"comment_status":"open","ping_status":"closed","template":"","meta":{"_joinchat":[]},"product_cat":[78,84],"product_tag":[81,77,80,74,85,72,73,75,76],"class_list":["post-395","product","type-product","status-publish","has-post-thumbnail","hentry","product_cat-epp","product_cat-proteccion-respiratoria","product_tag-arnes","product_tag-barrera","product_tag-casco","product_tag-conos","product_tag-mascara","product_tag-seguridad","product_tag-senaletica","product_tag-tambor-vial","product_tag-vial"],"_links":{"self":[{"href":"https:\/\/voysegurostore.cl\/inicio\/wp-json\/wp\/v2\/product\/395","targetHints":{"allow":["GET"]}}],"collection":[{"href":"https:\/\/voysegurostore.cl\/inicio\/wp-json\/wp\/v2\/product"}],"about":[{"href":"https:\/\/voysegurostore.cl\/inicio\/wp-json\/wp\/v2\/types\/product"}],"replies":[{"embeddable":true,"href":"https:\/\/voysegurostore.cl\/inicio\/wp-json\/wp\/v2\/comments?post=395"}],"wp:featuredmedia":[{"embeddable":true,"href":"https:\/\/voysegurostore.cl\/inicio\/wp-json\/wp\/v2\/media\/396"}],"wp:attachment":[{"href":"https:\/\/voysegurostore.cl\/inicio\/wp-json\/wp\/v2\/media?parent=395"}],"wp:term":[{"taxonomy":"product_cat","embeddable":true,"href":"https:\/\/voysegurostore.cl\/inicio\/wp-json\/wp\/v2\/product_cat?post=395"},{"taxonomy":"product_tag","embeddable":true,"href":"https:\/\/voysegurostore.cl\/inicio\/wp-json\/wp\/v2\/product_tag?post=395"}],"curies":[{"name":"wp","href":"https:\/\/api.w.org\/{rel}","templated":true}]}}