{"id":389,"date":"2022-10-05T03:20:51","date_gmt":"2022-10-05T03:20:51","guid":{"rendered":"https:\/\/voysegurostore.cl\/inicio\/?post_type=product&#038;p=389"},"modified":"2022-10-05T03:22:45","modified_gmt":"2022-10-05T03:22:45","slug":"respirador-m2-2","status":"publish","type":"product","link":"https:\/\/voysegurostore.cl\/inicio\/product\/respirador-m2-2\/","title":{"rendered":"Respirador M2.2"},"content":{"rendered":"<div class=\"page\" title=\"Page 1\">\n<div class=\"section\">\n<div class=\"layoutArea\">\n<div class=\"column\">\n<p>Respirador de dos v\u00edas, diel\u00e9ctrico, fabricado en TPE, hipoalerg\u00e9nico, con arn\u00e9s de cabeza y banda de ajuste el\u00e1stica con doble regulaci\u00f3n.Tama\u00f1o M\/L. Certificado NIOSH.<\/p>\n<p>&nbsp;<\/p>\n<\/div>\n<\/div>\n<\/div>\n<\/div>\n<p><b>MANTENCI\u00d3N<\/b><\/p>\n<div class=\"page\" title=\"Page 2\">\n<div class=\"section\">\n<div class=\"layoutArea\">\n<div class=\"column\">\n<div class=\"page\" title=\"Page 3\">\n<div class=\"section\">\n<div class=\"layoutArea\">\n<div class=\"column\">\n<p>A diario inspeccione visualmente su respirador y verifique que tanto la va\u0301lvula de exhalacio\u0301n como las de inhalacio\u0301n este\u0301n presentes. Inspeccione, adema\u0301s, que ninguna de las piezas tenga algu\u0301n dan\u0303o.<\/p>\n<p>Mientras no este\u0301 siendo usado, se debe almacenar en su bolsa de empaque, retirando previamente sus filtros.Todas sus piezas, excepto las bandas ela\u0301sticas, pueden ser lavadas con un detergente suave y agua tibia (40 a 50oC).<\/p>\n<\/div>\n<\/div>\n<\/div>\n<p>&nbsp;<\/p>\n<p>Respirador de medio rostro reutilizable, dise\u00f1ado para brindar protecci\u00f3n,\u00a0comodidad y duraci\u00f3n en lugares de trabajo con contaminantes peligrosos\u00a0para la salud. Su adecuado sello permite un uso continuo con m\u00ednima\u00a0incomodidad y su sistema de sujeci\u00f3n facilita un perfecto ajuste.<\/p>\n<ul>\n<li>Este respirador posee una pieza facial fabricada en TPE o Silicona. Se\u00a0fabrica en dos tama\u00f1os, mediano (M) y grande (L).<\/li>\n<li>Puede ajustarse al rostro mediante bandas el\u00e1sticas.<\/li>\n<li>Posee dos v\u00e1lvulas de inhalaci\u00f3n extra delgadas que permiten al usuario\u00a0tener una m\u00ednima resistencia a la respiraci\u00f3n.<\/li>\n<li>Posee una v\u00e1lvula de exhalaci\u00f3n extra delgada que permite que el\u00a0usuario elimine f\u00e1cilmente el vapor de agua expulsado al exhalar.<\/li>\n<li>Este respirador es de dos v\u00edas y cuenta con una completa gama de filtros\u00a0sencillos y mixtos, contra todo tipo de particulados y contaminantes\u00a0qu\u00edmicos.<\/li>\n<\/ul>\n<\/div>\n<\/div>\n<\/div>\n<\/div>\n<\/div>\n","protected":false},"excerpt":{"rendered":"<p>Respirador de dos v\u00edas, diel\u00e9ctrico, fabricado en TPE, hipoalerg\u00e9nico, con arn\u00e9s de cabeza y banda de ajuste el\u00e1stica con doble regulaci\u00f3n.Tama\u00f1o M\/L. Certificado NIOSH.<\/p>\n<p>&nbsp;<\/p>\n<p><img loading=\"lazy\" decoding=\"async\" class=\"wp-image-328 aligncenter\" src=\"https:\/\/voysegurostore.cl\/inicio\/wp-content\/uploads\/2022\/10\/logovoysegurologo-394x400.png\" alt=\"\" width=\"232\" height=\"235\" srcset=\"https:\/\/voysegurostore.cl\/inicio\/wp-content\/uploads\/2022\/10\/logovoysegurologo-394x400.png 394w, https:\/\/voysegurostore.cl\/inicio\/wp-content\/uploads\/2022\/10\/logovoysegurologo-600x609.png 600w, https:\/\/voysegurostore.cl\/inicio\/wp-content\/uploads\/2022\/10\/logovoysegurologo-100x100.png 100w, https:\/\/voysegurostore.cl\/inicio\/wp-content\/uploads\/2022\/10\/logovoysegurologo.png 745w\" sizes=\"auto, (max-width: 232px) 100vw, 232px\" \/><\/p>\n<p>&nbsp;<\/p>\n","protected":false},"featured_media":390,"comment_status":"open","ping_status":"closed","template":"","meta":{"_joinchat":[]},"product_cat":[78,84],"product_tag":[81,77,80,74,85,72,73,75,76],"class_list":["post-389","product","type-product","status-publish","has-post-thumbnail","hentry","product_cat-epp","product_cat-proteccion-respiratoria","product_tag-arnes","product_tag-barrera","product_tag-casco","product_tag-conos","product_tag-mascara","product_tag-seguridad","product_tag-senaletica","product_tag-tambor-vial","product_tag-vial"],"_links":{"self":[{"href":"https:\/\/voysegurostore.cl\/inicio\/wp-json\/wp\/v2\/product\/389","targetHints":{"allow":["GET"]}}],"collection":[{"href":"https:\/\/voysegurostore.cl\/inicio\/wp-json\/wp\/v2\/product"}],"about":[{"href":"https:\/\/voysegurostore.cl\/inicio\/wp-json\/wp\/v2\/types\/product"}],"replies":[{"embeddable":true,"href":"https:\/\/voysegurostore.cl\/inicio\/wp-json\/wp\/v2\/comments?post=389"}],"wp:featuredmedia":[{"embeddable":true,"href":"https:\/\/voysegurostore.cl\/inicio\/wp-json\/wp\/v2\/media\/390"}],"wp:attachment":[{"href":"https:\/\/voysegurostore.cl\/inicio\/wp-json\/wp\/v2\/media?parent=389"}],"wp:term":[{"taxonomy":"product_cat","embeddable":true,"href":"https:\/\/voysegurostore.cl\/inicio\/wp-json\/wp\/v2\/product_cat?post=389"},{"taxonomy":"product_tag","embeddable":true,"href":"https:\/\/voysegurostore.cl\/inicio\/wp-json\/wp\/v2\/product_tag?post=389"}],"curies":[{"name":"wp","href":"https:\/\/api.w.org\/{rel}","templated":true}]}}