{"id":335,"date":"2022-10-05T01:50:33","date_gmt":"2022-10-05T01:50:33","guid":{"rendered":"https:\/\/voysegurostore.cl\/inicio\/?post_type=product&#038;p=335"},"modified":"2022-10-05T02:02:05","modified_gmt":"2022-10-05T02:02:05","slug":"casco-mpc-221","status":"publish","type":"product","link":"https:\/\/voysegurostore.cl\/inicio\/product\/casco-mpc-221\/","title":{"rendered":"Casco MPC 221"},"content":{"rendered":"<p>Casco de Seguridad dise\u00f1ado para brindar protecci\u00f3n y comodidad al usuario en su lugar de trabajo.<\/p>\n<p><b>APROBACI\u00d3N<\/b><\/p>\n<p>De acuerdo a la clasificaci\u00f3n descrita en la NCh 461-2001, este casco se clasifica como Clase A. Esto significa que el casco Masprot otorga protecci\u00f3n contra impacto, penetraci\u00f3n, llama y descargas el\u00e9ctricas hasta 30.000 volts, y bajo la Norma ANSI\/SEA Z 89.1-2003 se clasifica como casco Clase E, Tipo 1.<\/p>\n<p><b>MANTENCI\u00d3N<\/b><\/p>\n<p>Antes y despu\u00e9s de cada uso, todos los componentes del casco deben ser inspeccionados ante la posibilidad de alg\u00fan da\u00f1o. Para una mayor duraci\u00f3n del casco es recomendable efectuar una limpieza peri\u00f3dica con un jab\u00f3n neutro y agua tibia. Nunca aplicar solventes, abrasivos, \u00e1cidos, alcoholes u otro l\u00edquido nocivo.<\/p>\n<p><b>VIDA \u00daTIL<\/b><\/p>\n<p>Los Cascos de Seguridad no poseen vida \u00fatil determinada. Su duraci\u00f3n depender\u00e1 de las condiciones de uso y trabajo. Ante cualquier indicio de golpe, rasgadura, trizadura o cualquier otro tipo de da\u00f1o, el casco debe ser inmediatamente reemplazado. Es importante recordar que la suspensi\u00f3nes un componente fundamental en el casco,porestemotivo cualquier da\u00f1o que sufra la suspensi\u00f3n (arn\u00e9s) determina su reemplazo inmediato.<\/p>\n","protected":false},"excerpt":{"rendered":"<ul>\n<li>Posee en su contorno un sistema de bota agua que permite proteger al\u00a0usuario de alg\u00fan tipo de derrame l\u00edquido.<\/li>\n<li>Posee un sistema de suspensi\u00f3n de tela de algod\u00f3n con\u00a0poli\u00e9ster de 4 puntas.<\/li>\n<li>Otorga\u00a0la protecci\u00f3n adecuada al usuario en caso de golpes.<\/li>\n<\/ul>\n<p><img loading=\"lazy\" decoding=\"async\" class=\"wp-image-328 aligncenter\" src=\"https:\/\/voysegurostore.cl\/inicio\/wp-content\/uploads\/2022\/10\/logovoysegurologo-394x400.png\" alt=\"\" width=\"232\" height=\"235\" srcset=\"https:\/\/voysegurostore.cl\/inicio\/wp-content\/uploads\/2022\/10\/logovoysegurologo-394x400.png 394w, https:\/\/voysegurostore.cl\/inicio\/wp-content\/uploads\/2022\/10\/logovoysegurologo-600x609.png 600w, https:\/\/voysegurostore.cl\/inicio\/wp-content\/uploads\/2022\/10\/logovoysegurologo-100x100.png 100w, https:\/\/voysegurostore.cl\/inicio\/wp-content\/uploads\/2022\/10\/logovoysegurologo.png 745w\" sizes=\"auto, (max-width: 232px) 100vw, 232px\" \/><\/p>\n<p>&nbsp;<\/p>\n","protected":false},"featured_media":339,"comment_status":"open","ping_status":"closed","template":"","meta":{"_joinchat":[]},"product_cat":[78,79],"product_tag":[77,80,74,72,73,75,76],"class_list":["post-335","product","type-product","status-publish","has-post-thumbnail","hentry","product_cat-epp","product_cat-proteccion-cabeza","product_tag-barrera","product_tag-casco","product_tag-conos","product_tag-seguridad","product_tag-senaletica","product_tag-tambor-vial","product_tag-vial"],"_links":{"self":[{"href":"https:\/\/voysegurostore.cl\/inicio\/wp-json\/wp\/v2\/product\/335","targetHints":{"allow":["GET"]}}],"collection":[{"href":"https:\/\/voysegurostore.cl\/inicio\/wp-json\/wp\/v2\/product"}],"about":[{"href":"https:\/\/voysegurostore.cl\/inicio\/wp-json\/wp\/v2\/types\/product"}],"replies":[{"embeddable":true,"href":"https:\/\/voysegurostore.cl\/inicio\/wp-json\/wp\/v2\/comments?post=335"}],"wp:featuredmedia":[{"embeddable":true,"href":"https:\/\/voysegurostore.cl\/inicio\/wp-json\/wp\/v2\/media\/339"}],"wp:attachment":[{"href":"https:\/\/voysegurostore.cl\/inicio\/wp-json\/wp\/v2\/media?parent=335"}],"wp:term":[{"taxonomy":"product_cat","embeddable":true,"href":"https:\/\/voysegurostore.cl\/inicio\/wp-json\/wp\/v2\/product_cat?post=335"},{"taxonomy":"product_tag","embeddable":true,"href":"https:\/\/voysegurostore.cl\/inicio\/wp-json\/wp\/v2\/product_tag?post=335"}],"curies":[{"name":"wp","href":"https:\/\/api.w.org\/{rel}","templated":true}]}}